= 591 - l. Calculate the highest common divisor of 12 and t.
4
Let l = -5150 + 5270. Calculate the highest common factor of l and 156.
12
Let w(n) = -5*n**3 - 8*n**2 - 48*n - 7. Let c be w(-6). What is the greatest common divisor of 111 and c?
37
Let g(j) = -j**3 - 13*j**2 - 12*j + 5. Let z be g(-12). Let r be 19/z + (-13)/(-65). Suppose 3*p = -r*p + 189. What is the greatest common factor of p and 243?
27
Let f be (-1 + 6/(-14))*28/(-2). Suppose 50 = 2*j - l, -3*l = 2*j - 10 - 24. Let v = j - f. Calculate the highest common divisor of v and 30.
3
Let q(m) be the first derivative of 1/2*m**2 + 28 + 1/4*m**4 - 2*m**3 + 9*m. Let i be q(6). Calculate the highest common factor of i and 120.
15
Let i(h) = -h**3 + 3*h**2 + 60*h + 105. Let o be i(-5). Suppose g + g + 30 = 4*j, -j = -2*g - 12. What is the highest common factor of o and j?
1
Let z(t) = 927*t + 1063. Let h be z(-1). Calculate the greatest common factor of 2108 and h.
68
Let v be (-24)/9*(15/10)/(-3)*630. What is the greatest common divisor of v and 504?
168
Suppose -522 = -16*h - h - 182. Let c = 1173 - 533. What is the greatest common factor of c and h?
20
Suppose t + 477 = -3*y + 4640, -25 = -5*t. Let g = 1394 - y. Suppose u + 213 = 4*z, -12 + 230 = 4*z - 2*u. Calculate the highest common divisor of g and z.
4
Let t = 221 - 263. Let l = -37 - t. Calculate the highest common factor of 12 and l.
1
Let f(x) = -x**3 - 21*x**2 - 9*x + 254. Let t be f(-20). Let o be (-21)/(-9) + 1/(-3). What is the highest common factor of t and o?
2
Let l = 200 + -156. Calculate the highest common divisor of 2684 and l.
44
Let v be (-3210)/(-20)*(-84)/(-18). Let c = 815 - v. What is the greatest common divisor of c and 84?
6
Let q be (1 + (4 - (-3 + 5)))/((-6)/(-1210)). Calculate the highest common factor of q and 1749.
11
Suppose 2164 = 4*i + g, 7*g = 3*i + 6*g - 1616. Calculate the greatest common divisor of i and 40.
20
Let j = -27 + 68. Suppose 5*h = 6*h - 3*s - j, -2*s = -2*h + 102. What is the greatest common factor of 16 and h?
8
Let f be ((-195)/(-13) - -12) + -5. Calculate the highest common divisor of f and 1386.
22
Let n(i) = 7*i. Let k be n(-2). Let w be (-28)/(-8)*(-8)/k. Suppose -98*q + 116 = -3*q - 169. What is the highest common divisor of w and q?
1
Let j(h) = -5*h + 10. Let f be j(0). Suppose 35 = -5*a + f*a. Calculate the greatest common factor of 63 and a.
7
Let d(y) = -347*y - 1456. Let o be d(-13). Calculate the greatest common factor of o and 799.
47
Suppose p - 98 = 3*p. Let u = p + 54. Suppose y - 4*y - 5*t = -561, -u*t = 5*y - 925. Calculate the highest common factor of y and 14.
14
Suppose 0 = 3*o + 4*p + 594, 4*o - 3*p - p = -820. Let j = o - -378. Suppose -3*h + 35 = 2*g, 3*g - 3*h = g + 29. What is the highest common factor of g and j?
16
Suppose 122*g + 4518671 - 364941 = 192*g. What is the highest common factor of 173 and g?
173
Let g be (16/(-12))/(-4*7/5586). Calculate the greatest common divisor of g and 1102.
38
Let v(g) = 26*g**2 - 326*g - 1996. Let l be v(-6). What is the greatest common factor of 2016 and l?
224
Let l be 336/(-33) + 2/11. Let o be 2/l + 171/5. Let v(j) = 11*j + 381. Let k be v(-30). What is the highest common divisor of o and k?
17
Let w be 8 - (-415 - (-6)/(8 - 10)). What is the highest common divisor of 781 and w?
71
Suppose -3*p = -2*b - 39, 3*p - 18 = 4*b + 21. Calculate the highest common factor of 3679 and p.
13
Let f(a) = 688*a + 15536. Let q be f(-22). Calculate the greatest common divisor of 720 and q.
80
Let f be ((-2)/8)/((-3)/24). Suppose o - 6*d - 574 = -f*d, 5*o - 2914 = -2*d. Calculate the highest common divisor of 6 and o.
6
Suppose -505*t = 4*d - 506*t - 22, 4*d = 4*t + 4. Let f be 34/8 + -5 + (-955)/(-4). Calculate the greatest common divisor of f and d.
7
Let o(p) = 23*p - 708. Let j be o(35). Calculate the highest common divisor of j and 776.
97
Let x = -27633 + 28263. Calculate the highest common factor of x and 390.
30
Let z = -5041 + 5716. What is the greatest common factor of z and 100?
25
Let k = -200 - -204. Suppose -924 = -k*b + 4*u, 0 = 5*b + 6*u - 5*u - 1155. Calculate the greatest common divisor of b and 42.
21
Suppose 40 = -4*t - 52. Let a = t - -21. Let f be -3 + 36/((a - -3)/2). What is the greatest common divisor of f and 23?
23
Let v be (-216)/(-52) - 12/78. Suppose -4*q - 3*s = -274, -8 - 262 = -v*q - 5*s. Calculate the highest common factor of q and 20.
10
Let l be 6 - (235/282 - (-9239)/(-6)). Calculate the highest common factor of l and 15.
15
Let o be (39 - -10)*(-5)/((-15)/6). Let j = o + -165. Let m = j + 90. Calculate the highest common divisor of 23 and m.
23
Let z(n) be the first derivative of -2*n**2 + 248*n - 109. Let h be z(37). Calculate the greatest common divisor of h and 8.
4
Let n(p) = -336*p**3 + p**2 - 7*p - 8. Let c be n(-1). Suppose 12*x + c = 18*x. What is the highest common factor of 8 and x?
8
Let z(t) = t**2 - 2*t - 2. Suppose 0 = -2*o - 70 + 28. Let w = o + 26. Let r be z(w). Calculate the highest common divisor of r and 104.
13
Let h = -5888 - -7639. What is the greatest common divisor of 309 and h?
103
Let r(x) = -x**3 - 53*x**2 - 51*x + 62. Let j be r(-52). What is the highest common divisor of j and 605?
5
Let u = -246 + 531. Let d = u - 222. What is the greatest common factor of 27 and d?
9
Suppose -2*d + 14 = 2*m, -31*m - 6 = -2*d - 29*m. Suppose d*z - 14 - 151 = 0. Let n = 1 + 2. What is the greatest common divisor of n and z?
3
Let c = 269 + -266. Suppose 2*k + c*s = 8*s + 177, 5*k = 4*s + 451. What is the highest common factor of 7 and k?
7
Let t(k) = -42*k - 373. Let r be t(-10). Suppose 5*n = 2*a + 715, -2*n - a + 371 = 94. What is the greatest common factor of r and n?
47
Let x be (-2628)/2*54/(-36). Calculate the greatest common divisor of 54 and x.
27
Let j(m) = 11*m - 78. Let f be j(8). Suppose 0 = 3*k + 4*s - 70, -3*s - 105 = -3*k - 0*s. What is the greatest common factor of k and f?
10
Suppose y - 183 = 5*i, 5*i = -4*y + 642 + 215. Let o = 77 + -61. What is the greatest common divisor of o and y?
16
Let h be (1/2)/(3/156). Let a(p) = -55*p + 34. Let y be a(-22). Suppose -3*q + 948 = 3*i, -5*q + i = -q - y. What is the greatest common factor of q and h?
26
Let g(l) = l**2 - 91*l + 1108. Let d be g(14). Let x = 299 - 169. What is the greatest common divisor of d and x?
10
Suppose -9*l - 3*q - 1337 = -11*l, 3385 = 5*l + q. What is the greatest common divisor of 8 and l?
4
Let p be 2890 + ((-6)/(-12) - 9/(-18)). Calculate the greatest common divisor of 49 and p.
49
Let r be 28/6*208950/175. Calculate the greatest common factor of 199 and r.
199
Let s(y) be the third derivative of -1/8*y**4 + 27*y**2 - 10/3*y**3 + 0*y + 0. Let o be s(-9). What is the greatest common factor of o and 7?
7
Let i(p) = -2*p**3 - 22*p**2 - 13*p - 441. Let g be i(-12). Suppose -n - 5*h = -5*n + 35, -3*n + 5*h = -30. What is the greatest common factor of n and g?
1
Let d = 15 - 25. Let n be 3 + 2/4 + (-45)/d. Suppose 32 = n*v - 64. What is the highest common divisor of 12 and v?
12
Let l = 18743 + -18730. Calculate the highest common factor of 33696 and l.
13
Suppose 92*s + 91*s = 198*s - 600. What is the greatest common divisor of s and 2672?
8
Suppose 0 = 2*w, t + 10*w - 2 = 5*w. Suppose -345 = -2*n + t*v + 43, -3*v + 783 = 4*n. Calculate the greatest common divisor of n and 39.
39
Suppose -8 - 8 = -4*y + 2*w, w - 16 = -2*y. Suppose -3*k = 4*h - 285, -11*h - 440 = -5*k - y*h. Calculate the highest common divisor of k and 26.
13
Let j(x) = -37*x - 882. Let o be j(-25). What is the highest common divisor of o and 3397?
43
Suppose 2336*x = 2375*x - 66144. What is the greatest common divisor of 1908 and x?
212
Let c = -594 + 636. Let s be (-3)/(-2)*-6*(-14)/3. What is the highest common factor of s and c?
42
Let r(n) = 44*n**2 + 21. Let k be r(3). Let o = k + -384. Calculate the highest common factor of o and 330.
33
Let t = 14 - -118. Suppose -6*f - 184 = -2*k - 2*f, 276 = 3*k - 4*f. Let l = 104 - k. Calculate the highest common factor of l and t.
12
Let x = 413 + -203. Suppose 132 = 1096*k - 1074*k - 528. What is the highest common divisor of k and x?
30
Let t(h) = -494*h - 1414. Let r be t(-6). What is the greatest common divisor of r and 806?
62
Let x(y) = 12*y**2 + 336*y + 337. Let c be x(-1). L